 q + 14 = 0, 0 = 3*x + 2*q + 11. Let d = 21 - x. Let f = d + 12. What is the tens digit of f?
3
Let j = 16 + -10. Let g = 88 - 89. Let b = g + j. What is the units digit of b?
5
Let y(c) = -c**3 - 3*c**2 - 2*c + 1. Let s = 9 - 12. Let i be y(s). Suppose 5*h - 27 = 2*q + 63, 5*q = -2*h + i. What is the units digit of h?
6
Let y(t) = 0*t**2 + 5 + 3*t**3 - t + 4*t - 2*t**2 + 4*t**2. Let c be y(-2). Let p = 28 + c. What is the units digit of p?
1
Let s(v) = 1 + 7*v + 8 - 12. Let a be s(11). Suppose 0*z - a = -2*z. What is the units digit of z?
7
Let b(v) = 6*v**2 + v - 1. Let w be b(2). Suppose 65 = 5*t - w. Suppose -2*l + 5 = -l, -g + 5*l - t = 0. What is the units digit of g?
7
Let z(q) = q**2 - 12*q - 14. Let i = -26 + 40. What is the units digit of z(i)?
4
Let y(t) = 6*t + 77. What is the units digit of y(6)?
3
Let s = 28 + 28. Let t = s - 30. What is the units digit of t?
6
Let p(q) = -q**3 - 9*q**2 - 6*q + 21. Let o be p(-8). Suppose -o*b = -5*v + 735, 5*v - b = 2*v + 443. What is the units digit of v?
8
Suppose 0 = 16*t - t - 2130. What is the tens digit of t?
4
Suppose 853 + 326 = 3*n. What is the hundreds digit of n?
3
What is the tens digit of ((-1307)/(-9) - -2) + (-16)/72?
4
Let g(x) = -x**3 - 23*x**2 + 30*x - 8. What is the hundreds digit of g(-25)?
4
Suppose 0 = -w - 5 + 3. Let l = 1 - w. Let f(j) = 3*j + 2. What is the units digit of f(l)?
1
Suppose 0 = a - 7 + 8. Let j be (-24)/(-30) - a/5. What is the tens digit of 71 + j*(3 - 1)?
7
Let i be (0*4/12)/(-1). Suppose -r + i*r - 246 = -5*z, 2*r = 4*z - 198. What is the tens digit of z?
4
Let a(v) = -v**2 - v + 11*v**2 + 0*v**2. Suppose 6*f = f + 10, -z + f = 3. What is the tens digit of a(z)?
1
Suppose 3*i - 839 = -n, -12*i + 16*i + 3*n - 1117 = 0. What is the hundreds digit of i?
2
Suppose -3*s + 7899 = -4*l, -4*s - 5*l + 10525 = -8*l. What is the thousands digit of s?
2
Let k(v) be the first derivative of 43*v**2/2 - 2*v + 2. Let b be 36/(-162)*18/(-4). What is the units digit of k(b)?
1
Let q = 239 - -103. Suppose 3*h - q = -3*z, -3*z + h + 183 = -163. What is the tens digit of z?
1
Suppose -2*c + 3*x + 3666 = 7*x, 3*c + 3*x - 5514 = 0. What is the units digit of c?
3
Let a(g) = -8*g**2 - g**2 + 3*g**2 - 4*g**2 + g**3 - 14 + 4*g. Let o be a(10). Suppose -30 - o = -4*w. What is the units digit of w?
4
Suppose -6*z + 3*z = -5*c - 3111, z - c = 1039. What is the hundreds digit of z?
0
Let d be (-2 + 1)/((-1)/7). Let p = d + 70. Suppose 3*z - 25 = p. What is the tens digit of z?
3
Let j = 7 - 5. Let o(z) = -z + 144. Let c be o(0). Suppose j*p = -p + c. What is the tens digit of p?
4
Suppose -6 = -9*k + 12. Suppose 4*p + 5*b - 636 = 0, 3*b = k*p - 4*p + 316. What is the hundreds digit of p?
1
Let k = 10 + -6. Let d = k + -11. Let r = d - -9. What is the units digit of r?
2
Let s(q) = -2*q**2 + 11*q - 13. Let x be s(3). What is the units digit of -9*x/(-4)*(11 - 1)?
5
Let s(y) = 2*y**3 + 5*y**2 + 8*y + 4. What is the units digit of s(4)?
4
Suppose 0 = -4*k + 8*k + 4*g, 4*k + 2*g - 10 = 0. Suppose -k*c + 27 = -5*m - 63, 58 = 3*c + m. Suppose 0*a - c = -a. What is the units digit of a?
9
Let j(o) = 1093*o**2 - 5*o + 4. What is the tens digit of j(-2)?
8
Let l(k) = 2*k - 5. Let v be l(4). Let g(o) = -o**3 - 3*o**2 + 16*o - 15. Let s be g(-7). Suppose 4*b - v*f - 29 = s, -b = -f - 24. What is the tens digit of b?
2
Suppose z - l - 217 - 283 = 0, 0 = -2*l - 4. What is the hundreds digit of z?
4
Let j(k) = 38*k - 12*k + 7 - 22*k. What is the tens digit of j(19)?
8
Let b be (-1 - 0)*(0 - 2). Suppose 2*w - 230 = -b*g + 6*g, 0 = 4*g + 8. What is the tens digit of w?
1
Let r(i) = -i + 18. Let p be r(6). Suppose t - 58 = -3*m, -3*t + 4*m + 160 = p. What is the units digit of t?
2
Suppose -3*u + 11557 = -5*g, 7*g - 6*g = -3*u + 11545. What is the tens digit of u?
4
Let o = -20 + 23. Suppose 0*k + o*k - 5*c - 23 = 0, 5*k = -3*c - 7. What is the units digit of (24/(-40))/(k/(-10))?
6
Suppose -3*g + 1484 + 1063 = 0. What is the units digit of g?
9
Suppose -4*g - g + 757 = c, 0 = -2*g - 5*c + 312. Let q = g + -59. What is the units digit of q?
2
Let i = 60 - 56. Suppose 2*s + 12 = 2*v, -2*v = 3*v - 2*s - 18. Suppose -j = -2*c + i, -v*j + c - 2*c = -17. What is the units digit of j?
6
Let u(z) = z**3 + 17*z**2 - 19*z - 19. Let d be u(-18). What is the tens digit of (0 - d) + (-7)/(14/(-180))?
9
Suppose l - 105 = -2*l. Let u = -214 - -192. Let o = u + l. What is the tens digit of o?
1
Suppose -2*c + 490 = 3*c. Suppose 3*h - 6*h = -30. Suppose -3*g - c = -h*g. What is the tens digit of g?
1
Suppose -1036*r + 1038*r - 1018 = 0. What is the units digit of r?
9
Suppose -68 = 5*m - 28. Let z(g) = g + 2. Let h(l) = l**2 + 13*l - 6. Let i(n) = -h(n) + 5*z(n). What is the units digit of i(m)?
6
What is the thousands digit of 4/(-7) + 412800/336?
1
What is the units digit of (-37723)/(-85) - (-2)/10?
4
Let m = 2989 + -1456. What is the units digit of m?
3
Let f(b) be the second derivative of 7*b**3/6 + 26*b. What is the units digit of f(14)?
8
Let b(g) = 3*g + 6. Let s be b(-1). Suppose -5*w + 4*z + 206 = -2*w, -4*w + 258 = s*z. What is the tens digit of w?
6
Let g(s) = -36*s**3 + 8*s**2 - 4*s - 3. What is the thousands digit of g(-5)?
4
What is the tens digit of (-225 - 11/11)*(-2)/4?
1
What is the units digit of (-1)/(97662/16278 - 6)?
3
Suppose j + 2*c = 90, 304 + 122 = 5*j + 4*c. Suppose 5*b = b - 2*d + j, -6 = -2*d. Suppose 2*a - 22 - b = 5*i, -5*a = -i - 68. What is the units digit of a?
3
What is the units digit of 4/(-50) + (-245014)/(-175)?
0
Let o = 935 - 724. What is the tens digit of o?
1
Let q = -14 + 102. Suppose q + 177 = 5*u. What is the units digit of u?
3
Let t be (10/4 - -1)*2. Suppose 2*k = 5*n + t*k - 115, 3*k = 15. Suppose -4*s = -3*s - n. What is the units digit of s?
8
Suppose 5*d - 13 - 7 = 0, d = -2*p + 314. Suppose b - p = -4*i, 0*i - 692 = -4*b + 2*i. What is the hundreds digit of b?
1
Suppose 0*s - 2*s = l - 56, s + 269 = 4*l. Let x = l - 25. What is the units digit of x?
1
Suppose -2*c = -c + 1116. What is the tens digit of ((-2)/(-3))/((-24)/c)?
3
Let o(w) = 8*w - 172. Let h(d) = -3*d + 57. Let m(f) = -11*h(f) - 4*o(f). What is the tens digit of m(25)?
8
Let q be -34*((-1)/2 + -2). Suppose -5*o - 163 = -4*y, -3*o = 2*y + 2*y + q. Let j = -17 - o. What is the tens digit of j?
1
Let a be 2*(2/1 - 4). Let u(d) = -14*d + 3. What is the units digit of u(a)?
9
Suppose -3304 - 953 = -11*c. What is the hundreds digit of c?
3
Suppose -s = 3*s - 5*k - 214, 0 = -3*k - 6. Suppose -2*d + 6 = -3*w, 0 = d - 3*w + 4*w + 2. Suppose -2*i - i + s = d. What is the units digit of i?
7
Let p(t) = t + 4. Let m be p(0). Suppose -x = m*x. Suppose x*u = -3*u + 75. What is the units digit of u?
5
Let z(o) = 130*o**2 + 2*o + 8. What is the hundreds digit of z(-2)?
5
Suppose 3*c + 44 = f, c + 4*c + 3*f = -50. Let t be (-3)/(-4) + c/(-52). What is the units digit of 4 - ((t - 4) + -37)?
4
Let a(x) = x**3 + 5*x**2 + 12*x - 45. What is the hundreds digit of a(5)?
2
What is the hundreds digit of (-8710)/39*(-495)/25?
4
Let i = 5597 + -3181. What is the units digit of i?
6
Let r(g) = 4*g**3 - 1. Let y be r(-1). What is the units digit of y/1*(0 - 3)?
5
Let m = -1 + 11. Suppose m = -l + 108. What is the tens digit of l?
9
Let g(f) = -2*f**3 - 7*f**2 - 2*f + 9. Suppose -u - 2*a - 10 = 0, -11 = -5*u + 2*a - 1. Let r = -4 - u. What is the tens digit of g(r)?
3
Let p(f) = 51*f**3 + 22*f**2 - 70*f + 2. What is the thousands digit of p(3)?
1
Let f(k) = -k**3 + 2*k - 1. Let a be f(1). Let w(r) = 0 - r - 5*r + a. What is the units digit of w(-1)?
6
Suppose 0 = 2*i + 5*x - 7, x = -5*i - 0*i + 29. What is the units digit of (4/i)/((-24)/(-54))*60?
0
Let r = 248 - 449. Let t be r/(-3) - (2 - -2). What is the units digit of (4/(-7))/((-9)/t)?
4
Let w be (-10)/45 + (-492)/(-27). Let b = w + 3. What is the units digit of b?
1
Let b(g) = 4*g - 7 + 9 - 6. What is the tens digit of b(14)?
5
What is the units digit of (-2)/(-22) + (-6588)/(-11)?
9
Suppose -28581 = -16*f + 9*f. What is the hundreds digit of f?
0
Suppose -10*h + 5*h = -275. Suppose 0 = -2*z + 4, -3*p = -0*z - z - h. Let g = 44 - p. What is the tens digit of g?
2
Suppose 73 = 3*u + w, -2*u + w = u - 65. Suppose -10 = -3*a + u. What is the tens digit of a?
1
Suppose -